at are the prime factors of k?
2, 3, 5
Let m be -5 - 3/(2 + 1). Let d = m + 8. Suppose h - 3*n = -0*h + 57, 4*h - d*n = 248. What are the prime factors of h?
3, 7
Suppose 51829 = 29*x + 13114. List the prime factors of x.
3, 5, 89
Let w(f) = -8*f + 15. Let j be w(4). Suppose -3*o - 2 = -44. Let c = o - j. List the prime factors of c.
31
Let p(q) = -3*q**3 - 4*q**2 - q + 2. Let t be p(-3). Suppose -4*k = -90 - t. List the prime factors of k.
5, 7
Suppose 0*s - 22 = -2*s. Suppose -2*y = -y - 18. Let o = s + y. What are the prime factors of o?
29
Let h = 17 - 15. Let w(b) = 11*b**3 - 3*b**2 + 2*b - 2. List the prime factors of w(h).
2, 3, 13
Let d(h) be the second derivative of -h**3/6 + 3*h. Let y be d(0). Suppose c - 6 = -y. List the prime factors of c.
2, 3
Let l = -468 + 1121. List the prime factors of l.
653
Suppose -3*j + 4*n + 225 = 0, 0*n + 310 = 4*j - 2*n. Let p = 239 - j. What are the prime factors of p?
2, 5
Let b = 537 + -369. Suppose -u - 2*u = -b. List the prime factors of u.
2, 7
What are the prime factors of (1/(-4))/(6/48) - -3590?
2, 3, 13, 23
Suppose -6*h + 5*h + 810 = -3*v, 0 = 2*v - 4. What are the prime factors of h?
2, 3, 17
Suppose 6*i - 28 = -4. Suppose -i*p - 12 = -8*p. What are the prime factors of p?
3
List the prime factors of -5 + (-388)/(-76) + 7389/19.
389
Let h(n) = -n**2 - 29 + 15*n + 25 + 0*n**2. Let b be h(10). List the prime factors of (-4)/12 + b/3.
3, 5
Let a(w) be the second derivative of -24*w**5/5 - w**3/6 + w**2/2 - 6*w. Let m be a(1). Let y = -54 - m. List the prime factors of y.
2, 3, 7
Let u be (3 - 5)*(-10)/4. Suppose 5 = 2*i + u*p, 2*i + 5*p = -3*i + 5. Let y(t) = t**2 + t + 13. What are the prime factors of y(i)?
13
Suppose 3*f + 3 - 15 = 0. Suppose -f*r - j + 318 = 0, 4*r = 5*r - 2*j - 84. Suppose r = 2*k + 8. List the prime factors of k.
2, 3
Suppose -26*x = -27*x + 154. Suppose x*l + 890 = 159*l. What are the prime factors of l?
2, 89
Suppose 5*r = 4*t + 8*r - 4, -5*t - 4*r + 5 = 0. Suppose -3*k - t = 8. List the prime factors of 0 - (k + 3 - 8).
2
Let j = -13 + 14. Suppose 0*m - j = -c - 3*m, -2*c - m - 8 = 0. List the prime factors of (2/c)/((-21)/105).
2
Let r = 103 - 57. Let v = r + -35. List the prime factors of v.
11
Let n be 339 + (-2 + -2 - -1). Suppose 0 = j + 3*j - n. List the prime factors of j.
2, 3, 7
Suppose -3*d - 5*a + 1522 = 0, -3*d = d - a - 1991. List the prime factors of d.
499
Suppose 2*w = -4*o + 134, 197 = 3*w - o - 11. List the prime factors of w.
3, 23
Suppose 151*f = 158*f - 2513. List the prime factors of f.
359
Suppose -4*n = -4 + 8. Let p be n - (-2)/((-8)/(-572)). List the prime factors of (-2)/(-4 - p/(-36)).
2, 3
Let g = -6068 + 8546. What are the prime factors of g?
2, 3, 7, 59
Let o(w) = 6*w + 20. Let r(z) = -1. Let t(g) = o(g) + 6*r(g). List the prime factors of t(11).
2, 5
Let n(q) be the second derivative of q**5/4 + q**4/4 + q**3/6 - 14*q - 2. Suppose -2*f - 8*o = -4*o - 16, 2 = -2*f + 2*o. What are the prime factors of n(f)?
2, 3
Suppose -2*r = -3*w + 185, -4*w + 3*r + 131 + 115 = 0. What are the prime factors of w?
3, 7
Let f be 10/1*(29 + -39). What are the prime factors of (4 + -8 - f)*8/3?
2
List the prime factors of (-939)/((132/8)/(-11)).
2, 313
Let g be 3 + -1 + -3 + 3. Let m be (g + 1)/((-3)/3). List the prime factors of m + (-1 - -3) + 50.
7
Let t(w) = -44*w + 654. List the prime factors of t(-16).
2, 7, 97
Let k(f) = f**3 + 10*f**2 + 9*f - 7. Suppose -146 = 4*n - 4*h - 46, -4*h - 8 = 0. Let v = n - -19. What are the prime factors of k(v)?
7
Let g = 686 + -450. List the prime factors of g.
2, 59
Let j = -575 + 851. List the prime factors of j.
2, 3, 23
Let u(c) = 12*c - 14*c + 14*c**2 - c**2 + 5*c**2 + 1. What are the prime factors of u(3)?
157
Suppose 0*g - 4*g + 11432 = -2*o, -3*g - 4*o + 8552 = 0. List the prime factors of g.
2, 3, 7, 17
Let t(j) = 2*j**2 + 5*j + 12. Suppose -31 = -5*o - 61. What are the prime factors of t(o)?
2, 3
Suppose 3*p + 22 = 5*f, -3*p = f + 3 - 11. Suppose -5*v = m - 0*m - 217, f*m = v - 59. Suppose 2*i + 2*i - v = 0. What are the prime factors of i?
11
Let z = -120 + 116. What are the prime factors of z - (209/(-57))/((-1)/(-54))?
2, 97
Let w(c) = 3*c - 12. Let h be w(5). Suppose -h*i - 2*i + 35 = -2*s, 0 = 2*i - 10. List the prime factors of (-1)/((10/74)/s).
37
Suppose 23 + 1 = 12*j. Suppose -4*k = 4*c - 198 - 158, 2*k = j*c - 162. List the prime factors of c.
5, 17
Suppose 5*u - 546 - 624 = 0. Suppose b + 39 = u. What are the prime factors of b?
3, 5, 13
Let g(x) = -x**3 - 5*x**2 + 7*x + 8. Let p be g(-6). Suppose -6*d - 290 = -380. Suppose -d - 81 = -p*v. What are the prime factors of v?
2, 3
Suppose -4*l + 30 = -2*y, -2*y + 0*y + l = 24. List the prime factors of (y/33)/((-2)/996).
2, 83
Suppose o - 3 = 10. What are the prime factors of o?
13
Suppose 2*p = -4*u + 2258, -168*u - 4*p - 2790 = -173*u. What are the prime factors of u?
2, 281
Let a(o) = -172*o + 40. Let k be a(-4). Suppose -5*l = 5*q - 905, -4*q - 2*l = -0*q - k. List the prime factors of q.
3, 61
Let j = 86 + -10. Suppose -4*c - j = -344. Suppose 81 + c = 4*h. What are the prime factors of h?
37
Let p = 3078 + -1093. What are the prime factors of p?
5, 397
Let h be 1 + -1 - 4/(-4). Let x be 3/(2 + h) + 50. Suppose -5*w = -2*w - x. What are the prime factors of w?
17
Let a(w) = 3*w**2 + 7*w - 8. Let r be a(-6). Suppose -8*s + 366 = -r. List the prime factors of s.
53
Let b be 4/(-5)*135/(-2). Let s be ((-3)/(-5))/(-5 + (-234)/(-45)). Suppose -s*i = -b - 30. List the prime factors of i.
2, 7
Let a be -67*1 + (3 - 2 - -1). Let k = a + 105. What are the prime factors of k?
2, 5
Let p(c) = -c**3 - 7*c**2 - 10*c - 10. Let t = -43 - -101. Let g be 7/28 + t/(-8). What are the prime factors of p(g)?
2, 3, 5
Suppose 0 = -6*l + 2135 - 299. List the prime factors of l.
2, 3, 17
Suppose 4*y + 35 = 5*o, 18 = -o + 2*o - 3*y. Suppose 2*n + 3*n - 2*g = 280, 168 = o*n + g. List the prime factors of n.
2, 7
List the prime factors of -1 - 7 - (-1437 + 28).
3, 467
Let f = 316 - -72. List the prime factors of f.
2, 97
Let w be ((-1)/3)/(3/(-45)). Suppose 0 = n - 2*n, -n + w = d. Suppose -2*r + 1 - 49 = -2*u, -d*u + 126 = r. What are the prime factors of u?
5
Let t(f) = 2*f**2 - 4*f + 3. Let s be t(6). Suppose -7*k = -4*k - s. What are the prime factors of k?
17
Let o = 125 + -123. Suppose -o*g - 8 = -116. List the prime factors of g.
2, 3
Let r be (-8)/20*(0 + 290). Let p = -37 - r. What are the prime factors of p?
79
Suppose 55*p - 1948 = 51*p. List the prime factors of p.
487
Suppose 10822 = 31*p - 5174. What are the prime factors of p?
2, 3, 43
Suppose 8547 = 3*b + k, 2*b - 8*k = -11*k + 5705. List the prime factors of b.
2, 89
Let d(y) = y**3 + 8*y**2 + 9*y + 8. Let f be d(-7). Let g be f + 0/(3 + -2). Let c = 15 + g. List the prime factors of c.
3
Suppose -2*c - 3*u + 975 = 0, 4*u - 754 - 710 = -3*c. Suppose c = -7*l + 10*l. Suppose 4*j - l = 48. List the prime factors of j.
53
Let n(p) = p**2 + 10*p - 12. Let r be n(-11). Let v = 1 - r. List the prime factors of 15/1*v/3.
2, 5
Suppose -680 = -4*i + x + 145, -2*i - 5*x = -385. Let w = -139 + i. List the prime factors of w.
2, 3, 11
Suppose 8*r + 6191 - 14087 = 0. What are the prime factors of r?
3, 7, 47
Suppose 3*q + 2*g = 3524, -52*q + 5*g = -50*q - 2362. List the prime factors of q.
2, 3, 7
Suppose 2*c + 1780 = 5*i + c, 0 = 3*i + 4*c - 1068. What are the prime factors of i?
2, 89
Let m(k) be the third derivative of k**5/60 - 7*k**4/24 + 5*k**3/2 + 3*k**2. What are the prime factors of m(6)?
3
Suppose 4*p - 22*p = -13140. List the prime factors of p.
2, 5, 73
Suppose 27*p = 30*p - 2184. What are the prime factors of p?
2, 7, 13
Let x(j) = -j**3 - 55*j**2 - 89*j + 4. What are the prime factors of x(-54)?
2, 947
Suppose -q + d + 702 = -63, 3*q + 2*d = 2285. List the prime factors of q.
7, 109
Suppose -z + 1255 = 4*z + 5*j, -2*z + j = -511. Suppose 5*m + z = 7*m. List the prime factors of m.
127
Let f be (-1)/(3*(-5)/(-135)). Let r be (-2 - f)*(-5)/(-5). Let w = 37 + r. What are the prime factors of w?
2, 11
Let t = 1294 + -687. What are the prime factors of t?
607
Let d = 146 - 11. Let p(b) = -b**2 + 2*b. Let v be p(-3). List the prime factors of 2/v - (-5013)/d.
37
Let x(p) = 6*p**2 + 9*p + 9. Let w be x(-6). Le